v(u) = u**2 - 7*u - 9. What is the tens digit of v(11)?
3
Suppose -3*w - 4*d + 119 = 0, 3*d + 208 = 2*w + 3*w. What is the tens digit of w?
4
Let s(t) be the third derivative of t**6/120 + 2*t**3 + 2*t**2. What is the tens digit of s(0)?
1
Let k(w) = w**2 + 4*w + 6. What is the units digit of k(-4)?
6
Let b = 89 - -53. What is the tens digit of b?
4
Let q(w) = 2 - 5*w - 3*w + 0*w - w**3 - 8*w**2. What is the units digit of q(-7)?
9
What is the tens digit of -1*((-3189)/45 - (-4)/(-30))?
7
What is the units digit of 51/1 + -7 + 9?
3
Let o(t) = 7*t**2 + t. Let u be o(-2). Suppose -3*s + i = -u, -i = s + 1 - 7. What is the units digit of s?
8
Suppose g = 2*g - 3*c - 9, -4*g + 2*c + 36 = 0. What is the units digit of g?
9
What is the units digit of 452/8 + (-3)/6?
6
Let c(v) = -4*v + 2. Let m be c(-4). Let u be -1 + m - 8/(-4). Suppose -5*n - u = -64. What is the units digit of n?
9
Let s(k) = -2*k**3 + 7*k**2 + 2*k + 3. Let b(v) = -v**3 + 3*v**2 + v + 1. Let h(d) = -10*b(d) + 4*s(d). What is the units digit of h(2)?
6
Suppose -68 = -7*d + 3*d. What is the tens digit of d?
1
Let j be (-4)/18 - (-58)/18. Suppose 0 + 12 = j*i. Let v = 5 - i. What is the units digit of v?
1
Suppose 0 = 2*z - 5*q - 7 - 1, 4 = z + q. Suppose -3*r + w + 0 = 1, z*r - w + 3 = 0. Let f(d) = 3*d**2 + 3*d. What is the units digit of f(r)?
6
Suppose 2*u = -5*u + 420. What is the units digit of u?
0
Let t(z) = z**2 - z - 1. Let w be t(3). Let f(j) = 7*j - 5. Let g be f(2). Suppose g = k - w*x, 5*x - 4 = 3*k - 41. What is the tens digit of k?
1
Let k be 2*(-6)/8*-2. Suppose -k*m = -3 - 0. What is the units digit of m?
1
Suppose 3*q - 17 = 19. What is the units digit of q?
2
Let q(u) = u**3 - 8*u**2 - 3*u. Let b be q(6). Let c be b/(-21) + (-2)/7. Suppose -10 = -c*y + 6. What is the units digit of y?
4
Let y(c) = 97*c**2 + 4*c - 1. What is the hundreds digit of y(-2)?
3
Suppose -h = -0*h. Let y = h + 6. What is the units digit of y?
6
Let x(n) = n - 5. Let w be x(5). Suppose 4*o - 4*f - 100 = 0, w*o + f + 48 = 2*o. What is the units digit of o?
3
Suppose -76 = 5*n - 301. Suppose 260 = 5*o + i, -o - 2 + n = 2*i. What is the tens digit of o?
5
What is the units digit of 4/(24/1138) + 14/(-21)?
9
Suppose -3*g - 2*u - 8 - 4 = 0, 0 = g - 2*u + 12. What is the tens digit of 2*9/g - -15?
1
Let p(h) = h - 19. Let y be p(11). Let v = y + 8. Suppose v = -4*x + 15 + 53. What is the units digit of x?
7
Suppose 0 = -3*r - r - 24. What is the units digit of (1 - 2) + (0 - r)?
5
Let t(x) = -x + 1. Let m be t(-1). What is the units digit of 20/(-5) - (m - 11)?
5
Let m(b) = b**2 - 2*b + 4. Suppose -4*f = 3*u - 13, -2*f + u - 4*u + 5 = 0. Let o be m(f). Suppose 5*y = y + o. What is the units digit of y?
3
Let c = 66 - 27. Let l = c + -13. What is the units digit of l?
6
Let q(w) = 2*w + 2. Let h(s) = -s**3 + 3*s**2 + 5*s + 2. Let b be h(4). Let k be q(b). Let l = k + -7. What is the units digit of l?
7
Let y(o) = -o**2 - 8*o - 3. Let c be y(-3). Suppose 5*b = -4*n + 48, n + 2*b - c = -b. What is the units digit of n?
2
Let d(h) = -h**3 - 13*h**2 - 2*h - 19. Let g be d(-13). Suppose k - g - 9 = 0. What is the tens digit of k?
1
Let u(i) = i**3 - 16*i**2 + 20*i + 22. What is the units digit of u(15)?
7
Let k = -1 - -1. Let q = 2 - k. Suppose 5*b = m - 2, q*m - 4*b - 10 = -0*b. What is the units digit of m?
7
Suppose -2*u - 465 = -3*j, 5*u = 4*u. What is the tens digit of j?
5
Let n = 10 + -5. Let s(q) = 2*q**3 - 6*q - 3*q**2 + 9*q**2 + 7 - 3*q**3. What is the units digit of s(n)?
2
Let f(b) be the first derivative of -b**2 + 2*b + 1. Let p be f(-5). What is the units digit of (p + -10)*(9 - -1)?
0
Let z be (-19)/7 + (-6)/21. Let a be (-37 - 2)/z - -2. Suppose 5*g - 70 = -a. What is the units digit of g?
1
Let l(o) = o + 11. Let j be 2/(-3) - (-40)/6. Suppose -3 = x + 5*g + j, -3*g = 3*x - 9. What is the units digit of l(x)?
7
Suppose 0 = -4*f + j + 1194, 5*f = 4*j + 799 + 699. What is the tens digit of f?
9
Suppose -5*z + 37 = -18. What is the tens digit of z?
1
Let s = 1 + 2. Suppose 5*v + p = 3*p + 38, s*p - 19 = -2*v. Let l(a) = -a**3 + 7*a**2 + 10*a - 9. What is the units digit of l(v)?
7
Suppose 5*p = 7 + 3. Suppose 60 = p*f + f. What is the tens digit of f?
2
Let m = 4 + -2. What is the tens digit of 2 + (13 - 2 - m)?
1
Let b(n) = 2*n**2 - 8*n + 3. What is the tens digit of b(7)?
4
Let b = 14 - -46. Suppose 8*t - b = 6*t. What is the tens digit of t?
3
Suppose -2*f - 20 = -6*f. Suppose 0*b + f*b = 10. Suppose 5 = b*d - 3. What is the units digit of d?
4
Suppose 5*p + 666 + 129 = 0. Let b be p/(-5) - (-4)/20. Let z = b - 21. What is the units digit of z?
1
Let a(t) = -4*t**3 + 3*t**2 + 1. What is the hundreds digit of a(-3)?
1
Let z(n) = 154*n**2 - 4*n - 2. What is the hundreds digit of z(-1)?
1
Suppose -3*z = -8*z + 25, -5*f + 445 = 5*z. What is the units digit of f?
4
Suppose 4*s + 5*v = 38, s - 3*v - 5 = -2*v. Let i = 14 - s. What is the units digit of i?
7
Suppose -4*z + 21 = -19. What is the units digit of z?
0
Let s(f) = 64*f**3 - 2*f**2 + 1. Let u be s(1). Let o = -41 + u. What is the tens digit of o?
2
Let p = -7 + 8. Let h = 3 + p. What is the units digit of h?
4
Suppose -15*h - 174 = -17*h. What is the units digit of h?
7
Let m(o) = o**2 + 5*o + 4. Let t be m(-5). Suppose -2 = -2*i - 0, -3 = -t*v + 5*i. What is the units digit of v?
2
Suppose u - 9 = 27. What is the tens digit of u?
3
Let w = 70 + 19. What is the units digit of w?
9
Let f = 28 + -13. Let g be 3 - (3 - 1)/(-1). Suppose 2*z - b = -2*z + 9, g*b = f. What is the units digit of z?
3
Let b = 16 + -11. Suppose -3*v = 4*c + 336, -v + 336 = -4*c - b*v. What is the units digit of 3/(-2)*c/18?
7
Let h be -3 - ((1 - 3) + 3). Let y = 0 - h. Suppose y*k - 3 = 1. What is the units digit of k?
1
What is the tens digit of 15 + -13 + (-2)/(2/(-93))?
9
Suppose v = -v + 6. Suppose -c + 4*b + 22 = 0, -4*c - v*b - 7 = -0. Suppose 3*r + 3 = -c*h, -6*r = -5*h - r + 55. What is the units digit of h?
6
Let a = 199 - 125. What is the units digit of a?
4
Let q(w) = -3*w + 3 + 1 - 2. What is the units digit of q(-4)?
4
Let c(y) = -y**3 - 21*y**2 - 22*y - 13. What is the units digit of c(-20)?
7
Let p be (-142)/(-4) + (-6)/(-4). Let u = p - 20. What is the units digit of u?
7
Let c(g) = g**3 - 6*g**2 + 6*g - 1. Let m be c(5). Suppose -3*j - h = 0, 0 = j - 2*j + h + m. What is the units digit of j?
1
Suppose -3*d + 3*y = -0*d + 12, 3*d + 16 = 4*y. What is the units digit of (5 - d) + 11 + -8?
8
Let p = 30 - 16. What is the tens digit of p?
1
Let y be 9 + 0 + 0 + -3. What is the tens digit of 64/y*6/4?
1
Suppose 40 = 4*j - 3*i, -2*i = 5*j - 3*i - 61. Let c = 22 - j. What is the units digit of c?
9
Let m(b) = b**2 - 4*b + 2. Let d = -19 - -44. Let n be (-46)/(-10) + 10/d. What is the units digit of m(n)?
7
Let p(r) = -r**2 - 10*r - 4. Let b(w) = -2*w**2 - 21*w - 9. Let s(a) = -3*b(a) + 7*p(a). Let k = 11 - 17. What is the units digit of s(k)?
5
Let y(q) be the first derivative of q**4/4 + 10*q**3/3 - q**2 - 4*q + 3. What is the units digit of y(-10)?
6
Let q = 8 + -6. Suppose 6*x - q*u - 12 = x, 0 = 3*u - 12. What is the units digit of x?
4
Let d = -99 - -203. What is the tens digit of d/10*20/8?
2
What is the tens digit of 1*8/2 - -53?
5
Let o(a) be the first derivative of a**3/3 + a**2 - 2. Let b be o(-3). Suppose b*q = 9, 2*q = -5*u + 9 + 2. What is the units digit of u?
1
Let c(n) = n**3 + 9*n**2 + 8*n + 5. Let j be c(-8). Let w = 6 - j. What is the units digit of w?
1
Let f = 369 - 137. What is the hundreds digit of f?
2
Let m be 0 + (-4)/(2 + 0). What is the units digit of (-6)/(-3) - m*1?
4
Let a(j) = j**2 - 4*j - 7. Let b = -2 - -10. What is the units digit of a(b)?
5
Suppose 5 = -3*c - 4. Let w(n) = -12*n - 6. What is the units digit of w(c)?
0
What is the hundreds digit of (1 - 2)/((-2)/202)?
1
Let c = 3 + -1. Let y(d) = 8 - 13*d**2 + 3*d**2 - c - d**3. What is the units digit of y(-10)?
6
Let y be 29 + (-1)/(-4)*0. Suppose 0*x + x = i + y, -2*x + 4*i + 52 = 0. What is the units digit of x?
2
Let x(n) = 10*n - 2. Let j be x(5). Let s be ((-2)/(-3))/((-2)/j). Let a = -9 - s. What is the units digit of a?
7
Let g(k) be the first derivative of k**4/4 + 4*k**3/3 + 2*k**2 + 3*k - 2. What is the units digit of g(-2)?
3
What is the units dig